ded by 213?
212
What is the remainder when 5805 is divided by 5803?
2
Calculate the remainder when 152411 is divided by 11.
6
What is the remainder when 2617 is divided by 13?
4
Calculate the remainder when 992214 is divided by 614.
604
Calculate the remainder when 20773 is divided by 47.
46
What is the remainder when 64420 is divided by 754?
330
Calculate the remainder when 7749 is divided by 1168.
741
Calculate the remainder when 125968 is divided by 570.
568
Calculate the remainder when 544145 is divided by 168.
161
What is the remainder when 198942 is divided by 11?
7
What is the remainder when 8550 is divided by 2847?
9
Calculate the remainder when 164301 is divided by 48.
45
Calculate the remainder when 16939 is divided by 16930.
9
What is the remainder when 229910 is divided by 58?
56
What is the remainder when 209652 is divided by 1823?
7
Calculate the remainder when 419845 is divided by 1468.
1465
Calculate the remainder when 15962 is divided by 133.
2
Calculate the remainder when 4307 is divided by 207.
167
What is the remainder when 3301 is divided by 274?
13
Calculate the remainder when 394800 is divided by 394794.
6
Calculate the remainder when 1783676 is divided by 21.
20
Calculate the remainder when 6460 is divided by 6450.
10
Calculate the remainder when 1223116 is divided by 18.
16
Calculate the remainder when 2593 is divided by 11.
8
What is the remainder when 26759 is divided by 1584?
1415
Calculate the remainder when 35859 is divided by 299.
278
Calculate the remainder when 21032 is divided by 147.
11
What is the remainder when 29225 is divided by 69?
38
Calculate the remainder when 1362 is divided by 431.
69
Calculate the remainder when 2831 is divided by 560.
31
Calculate the remainder when 2730 is divided by 1293.
144
What is the remainder when 15789 is divided by 56?
53
What is the remainder when 59116 is divided by 501?
499
Calculate the remainder when 68678 is divided by 17168.
6
Calculate the remainder when 229795 is divided by 89.
86
What is the remainder when 42751 is divided by 428?
379
Calculate the remainder when 1092 is divided by 446.
200
Calculate the remainder when 34618 is divided by 17193.
232
Calculate the remainder when 10145 is divided by 22.
3
Calculate the remainder when 25346 is divided by 181.
6
Calculate the remainder when 821 is divided by 87.
38
What is the remainder when 1826 is divided by 859?
108
What is the remainder when 12450 is divided by 12444?
6
Calculate the remainder when 14091 is divided by 4621.
228
What is the remainder when 17978 is divided by 17789?
189
Calculate the remainder when 396 is divided by 14.
4
Calculate the remainder when 2470 is divided by 80.
70
What is the remainder when 2881 is divided by 1433?
15
What is the remainder when 470830 is divided by 16?
14
Calculate the remainder when 4666 is divided by 347.
155
What is the remainder when 14549 is divided by 63?
59
What is the remainder when 216395 is divided by 64?
11
What is the remainder when 2400 is divided by 53?
15
Calculate the remainder when 179997 is divided by 602.
601
Calculate the remainder when 29229 is divided by 5.
4
Calculate the remainder when 36792 is divided by 12237.
81
Calculate the remainder when 110153 is divided by 219.
215
What is the remainder when 65576 is divided by 145?
36
What is the remainder when 1714 is divided by 795?
124
Calculate the remainder when 1379 is divided by 753.
626
Calculate the remainder when 6593 is divided by 2179.
56
What is the remainder when 2157866 is divided by 687?
686
Calculate the remainder when 2381 is divided by 623.
512
What is the remainder when 36573 is divided by 200?
173
Calculate the remainder when 7299 is divided by 8.
3
What is the remainder when 1974207 is divided by 229?
227
Calculate the remainder when 17312 is divided by 17301.
11
What is the remainder when 13015 is divided by 685?
0
Calculate the remainder when 11817 is divided by 328.
9
What is the remainder when 1368 is divided by 222?
36
Calculate the remainder when 29957 is divided by 856.
853
What is the remainder when 10394 is divided by 76?
58
Calculate the remainder when 9106 is divided by 124.
54
What is the remainder when 148820 is divided by 522?
50
What is the remainder when 3751 is divided by 340?
11
Calculate the remainder when 2664 is divided by 35.
4
What is the remainder when 32412 is divided by 1550?
1412
What is the remainder when 14659 is divided by 1056?
931
What is the remainder when 5736 is divided by 35?
31
What is the remainder when 1903311 is divided by 376?
375
Calculate the remainder when 439189 is divided by 17.
11
What is the remainder when 93679 is divided by 1201?
1
What is the remainder when 20242 is divided by 2523?
58
What is the remainder when 186717 is divided by 80?
77
What is the remainder when 5673 is divided by 404?
17
Calculate the remainder when 111620 is divided by 111597.
23
What is the remainder when 350522 is divided by 29?
28
Calculate the remainder when 179314 is divided by 199.
15
Calculate the remainder when 36119 is divided by 9.
2
Calculate the remainder when 39305 is divided by 1963.
45
Calculate the remainder when 2540917 is divided by 345.
337
Calculate the remainder when 97558 is divided by 606.
598
Calculate the remainder when 168467 is divided by 78.
65
What is the remainder when 8922 is divided by 249?
207
Calculate the remainder when 11128 is divided by 1179.
517
Calculate the remainder when 6127 is divided by 2035.
22
What is the remainder when 2151 is divided by 1792?
359
What is the remainder when 11897 is divided by 2965?
37
What is the remainder when 1055 is divided by 1038?
17
What is the remainder when 74857 is divided by 18?
13
What is the remainder when 28591 is divided by 102?
31
What is the remainder when 76452 is divided by 91?
12
Calculate the remainder when 1463 is divided by 224.
119
Calculate the remainder when 722 is divided by 269.
184
What is the remainder when 2331 is divided by 331?
14
Calculate the remainder when 56477 is divided by 509.
487
Calculate the remainder when 43774 is divided by 527.
33
Calculate the remainder when 84299 is divided by 7.
5
What is the remainder when 1388946 is divided by 808?
802
What is the remainder when 13791 is divided by 4568?
87
Calculate the remainder when 791 is divided by 1.
0
What is the remainder when 2099 is divided by 1135?
964
Calculate the remainder when 132845 is divided by 368.
365
What is the remainder when 17918 is divided by 197?
188
What is the remainder when 178990 is divided by 72?
70
What is the remainder when 15090 is divided by 7528?
34
What is the remainder when 35795 is divided by 76?
75
What is the remainder when 73803 is divided by 385?
268
Calculate the remainder when 2454812 is divided by 24.
20
What is the remainder when 20689 is divided by 2?
1
What is the remainder when 23409 is divided by 211?
199
Calculate the remainder when 817968 is divided by 48.
0
What is the remainder when 223118 is divided by 12?
2
Calculate the remainder when 16159 is divided by 215.
34
Calculate the remainder when 12514 is divided by 261.
247
What is the remainder when 4370 is divided by 26?
2
Calculate the remainder when 1399308 is divided by 181.
178
What is the remainder when 146621 is divided by 1666?
13
Calculate the remainder when 2420 is divided by 76.
64
Calculate the remainder when 201 is divided by 179.
22
Calculate the remainder when 659 is divided by 283.
93
What is the remainder when 13498 is divided by 27?
25
Calculate the remainder when 6302 is divided by 181.
148
Calculate the remainder when 3742 is divided by 37.
5
What is the remainder when 3224 is divided by 134?
8
What is the remainder when 3382 is divided by 845?
2
Calculate the remainder when 6849 is divided by 527.
525
Calculate the remainder when 544042 is divided by 558.
550
What is the remainder when 8627 is divided by 578?
535
Calculate the remainder when 18922 is divided by 164.
62
Calculate the remainder when 2535468 is divided by 2622.
2616
Calculate the remainder when 511208 is divided by 116.
112
Calculate the remainder when 200418 is divided by 22.
20
What is the remainder when 284712 is divided by 68?
64
Calculate the remainder when 147320 is divided by 7.
5
Calculate the remainder when 227